{"id":12,"date":"2024-08-28T21:54:06","date_gmt":"2024-08-28T19:54:06","guid":{"rendered":"https:\/\/testsulycsokkentocsoport.hu\/?page_id=12"},"modified":"2026-01-26T22:28:58","modified_gmt":"2026-01-26T21:28:58","slug":"elementor-12","status":"publish","type":"page","link":"https:\/\/testsulycsokkentocsoport.hu\/","title":{"rendered":"Tests\u00falycs\u00f6kkent\u0151 csoport"},"content":{"rendered":"\t\t<div data-elementor-type=\"wp-page\" data-elementor-id=\"12\" class=\"elementor elementor-12\">\n\t\t\t\t<div class=\"elementor-element elementor-element-d52c99b e-flex e-con-boxed e-con e-parent\" data-id=\"d52c99b\" data-element_type=\"container\" data-e-type=\"container\" data-settings=\"{&quot;background_background&quot;:&quot;classic&quot;}\">\n\t\t\t\t\t<div class=\"e-con-inner\">\n\t\t<div class=\"elementor-element elementor-element-6a6b061 e-con-full e-flex e-con e-child\" data-id=\"6a6b061\" data-element_type=\"container\" data-e-type=\"container\">\n\t\t\t\t<div class=\"elementor-element elementor-element-ada0451 elementor-widget elementor-widget-heading\" data-id=\"ada0451\" data-element_type=\"widget\" data-e-type=\"widget\" data-widget_type=\"heading.default\">\n\t\t\t\t<div class=\"elementor-widget-container\">\n\t\t\t\t\t<h2 class=\"elementor-heading-title elementor-size-default\">Tests\u00falycs\u00f6kkent\u0151 csoport pszichol\u00f3gus vezet\u00e9s\u00e9vel<\/h2>\t\t\t\t<\/div>\n\t\t\t\t<\/div>\n\t\t\t\t<\/div>\n\t\t\t\t<div class=\"elementor-element elementor-element-e23c446 elementor-widget elementor-widget-text-editor\" data-id=\"e23c446\" data-element_type=\"widget\" data-e-type=\"widget\" data-widget_type=\"text-editor.default\">\n\t\t\t\t<div class=\"elementor-widget-container\">\n\t\t\t\t\t\t\t\t\t<p>Pszichol\u00f3gus seg\u00edts\u00e9g\u00e9vel m\u00e9lyebben meg\u00e9rtheted az \u00e9tkez\u00e9si szok\u00e1said m\u00f6g\u00f6tt rejl\u0151 \u00e9rzelmi \u00e9s ment\u00e1lis t\u00e9nyez\u0151ket.<\/p><p>Az \u00f6nismeret fejleszt\u00e9se seg\u00edt azonos\u00edtani \u00e9s kezelni a stresszt, az \u00f6nbizalomhi\u00e1nyt \u00e9s azokat az egy\u00e9b t\u00e9nyez\u0151ket, amelyek gyakran akad\u00e1lyozz\u00e1k a sikeres fogy\u00e1st. Alak\u00edts ki seg\u00edts\u00e9g\u00fcnkkel eg\u00e9szs\u00e9gesebb \u00e9letm\u00f3dot, amely hossz\u00fa t\u00e1von is fenntarthat\u00f3.<\/p><p><strong>Csatlakozz szem\u00e9lyes vagy online csoportunkhoz!<\/strong><\/p><p><span class=\"OYPEnA font-feature-liga-off font-feature-clig-off font-feature-calt-off text-decoration-none text-strikethrough-none\">A csoportot vezeti: <a href=\"https:\/\/koposdizsuzsa.hu\/\" target=\"_blank\" rel=\"noopener\">K\u00f6p\u00f6sdi Zsuzsa<\/a> eg\u00e9szs\u00e9gpszichol\u00f3gus<\/span><\/p><p><span class=\"OYPEnA font-feature-liga-off font-feature-clig-off font-feature-calt-off text-decoration-none text-strikethrough-none\">A csoportvezet\u00e9s alapja a Semmelweis Egyetem oktat\u00f3i \u00e1ltal kidolgozott program, amely az \u00f6nismeret fejleszt\u00e9se, a csoport t\u00e1mogat\u00f3 ereje \u00e9s a kognit\u00edv viselked\u00e9ster\u00e1pi\u00e1s eszk\u00f6z\u00f6k egy\u00fcttes hat\u00e1s\u00e1val m\u0171k\u00f6dik.<\/span><\/p><p>A program 16 hetes, a tal\u00e1lkoz\u00f3k heti egy alkalommal t\u00f6rt\u00e9nnek. Az alkalmak id\u0151tartama kb. 80-90 perc.\u00a0<\/p><div dir=\"auto\">A program alkalmank\u00e9nt: 13.000 Ft.\u00a0<\/div>\t\t\t\t\t\t\t\t<\/div>\n\t\t\t\t<\/div>\n\t\t\t\t<div class=\"elementor-element elementor-element-9ab4b78 elementor-widget elementor-widget-text-editor\" data-id=\"9ab4b78\" data-element_type=\"widget\" data-e-type=\"widget\" data-widget_type=\"text-editor.default\">\n\t\t\t\t<div class=\"elementor-widget-container\">\n\t\t\t\t\t\t\t\t\t<p>A program indul\u00e1s\u00e1t megel\u0151z\u0151en a csoport vezet\u0151je minden jelentkez\u0151vel egy egy\u00e9ni els\u0151 interj\u00fa keret\u00e9ben fog tal\u00e1lkozni, hogy k\u00f6z\u00f6sen d\u00f6nt\u00e9st hozzanak arr\u00f3l, a jelentkez\u0151nek val\u00f3ban c\u00e9lszer\u0171-e csatlakoznia a csoporthoz. Els\u0151 egy\u00e9ni interj\u00fa (kb. 40 perc): 15.000 Ft<\/p><p>A jelentkez\u00e9s az els\u0151 egy\u00e9ni interj\u00fa ut\u00e1n v\u00e1lik v\u00e9glegess\u00e9. Ha \u00fagy d\u00f6ntesz, hogy szeretn\u00e9l vel\u00fcnk dolgozni a programban, akkor a program d\u00edj\u00e1t egy \u00f6sszegben, vagy k\u00e9t, vagy h\u00e1rom r\u00e9szletben sz\u00fcks\u00e9ges fizetni. Sz\u00fcks\u00e9g eset\u00e9n e-mail-ben jelezd egy\u00e9ni fizet\u00e9si \u00fctemez\u00e9si ig\u00e9nyedet, nem szeretn\u00e9nk, ha ez jelentene akad\u00e1lyt a csoporthoz val\u00f3 csatlakoz\u00e1sban.<\/p><p>Hi\u00e1nyz\u00e1s eset\u00e9n e-mail-ben k\u00fcldj\u00fck el Neked az adott \u00fcl\u00e9s anyagait, \u00edgy nem maradsz le a csoportt\u00f3l, \u00e9s hi\u00e1nyz\u00e1s eset\u00e9n is d\u00edjk\u00f6telesek az \u00fcl\u00e9sek.<\/p><p>A program minimum 5 f\u0151 r\u00e9sztvev\u0151vel indul.<\/p>\t\t\t\t\t\t\t\t<\/div>\n\t\t\t\t<\/div>\n\t\t\t\t<div class=\"elementor-element elementor-element-cd58658 elementor-widget-divider--view-line elementor-widget elementor-widget-divider\" data-id=\"cd58658\" data-element_type=\"widget\" data-e-type=\"widget\" data-widget_type=\"divider.default\">\n\t\t\t\t<div class=\"elementor-widget-container\">\n\t\t\t\t\t\t\t<div class=\"elementor-divider\">\n\t\t\t<span class=\"elementor-divider-separator\">\n\t\t\t\t\t\t<\/span>\n\t\t<\/div>\n\t\t\t\t\t\t<\/div>\n\t\t\t\t<\/div>\n\t\t\t\t\t<\/div>\n\t\t\t\t<\/div>\n\t\t<div class=\"elementor-element elementor-element-1060717 e-flex e-con-boxed e-con e-parent\" data-id=\"1060717\" data-element_type=\"container\" data-e-type=\"container\">\n\t\t\t\t\t<div class=\"e-con-inner\">\n\t\t\t\t<div class=\"elementor-element elementor-element-7f8135a elementor-widget elementor-widget-text-editor\" data-id=\"7f8135a\" data-element_type=\"widget\" data-e-type=\"widget\" data-widget_type=\"text-editor.default\">\n\t\t\t\t<div class=\"elementor-widget-container\">\n\t\t\t\t\t\t\t\t\t<div class=\"wp-container-4 wp-block-columns\">\n<div class=\"wp-container-3 wp-block-column\" style=\"flex-basis: 100%;\">\n<div class=\"wp-container-2 wp-block-columns\">\n<div class=\"wp-container-1 wp-block-column\" style=\"flex-basis: 100%;\">\n<figure class=\"wp-block-table is-style-stripes\">\n<table>\n<tbody>\n<tr>\n<td><strong>CSOPORT<\/strong><\/td>\n<td><strong>TERVEZETT KEZD\u00c9SI D\u00c1TUM<\/strong><\/td>\n<td><strong>ALKALMAK ID\u0150PONTJA<\/strong><\/td>\n<td><strong>HELYSZ\u00cdN<\/strong><\/td>\n<td><strong>JELENTKEZ\u00c9SI HAT\u00c1RID\u0150<\/strong><\/td>\n<td><strong>JELENTKEZ\u00c9S<\/strong><\/td>\n<\/tr>\n<tr>\n<td><strong><strong><strong>Tests\u00falycs\u00f6kkent\u0151 csoport\nszem\u00e9lyes jelenl\u00e9ttel<\/strong><\/strong><\/strong><\/td>\n<td>2026. tavasz<\/td>\n<td>Kedd &#8211; 18:00-19:30<\/td>\n<td>Hatvani Istv\u00e1n Eg\u00e9szs\u00e9gk\u00f6zpont,\n4032 Debrecen, Lehel utca 22.<\/td>\n<td><\/td>\n<td><\/td>\n<\/tr>\n<tr>\n<td><strong><strong><strong>Tests\u00falycs\u00f6kkent\u0151 csoport\nonline<\/strong><\/strong><\/strong><\/td>\n<td>2025. szeptember eleje<\/td>\n<td>h\u00e9tf\u0151 19.00 \u00f3r\u00e1t\u00f3l<\/td>\n<td>online<\/td>\n<td>2025. augusztus 26.<\/td>\n<td>A csoport elindult<\/td>\n<\/tr>\n<tr>\n<td><strong><strong><strong>Tests\u00falycs\u00f6kkent\u0151 csoport\nonline<\/strong><\/strong><\/strong><\/td>\n<td>2026. febru\u00e1r 2.<\/td>\n<td>h\u00e9tf\u0151 19.00 \u00f3r\u00e1t\u00f3l<\/td>\n<td>online<\/td>\n<td>2026. janu\u00e1r 28.<\/td>\n<td><a href=\"https:\/\/forms.gle\/E7JU5dW4Xi3AwfKo9\">Jelentkezem<\/a>\n<\/td>\n<\/tr>\n<\/tbody>\n<\/table>\n<\/figure>\n<\/div>\n<\/div>\n<\/div>\n<\/div>\t\t\t\t\t\t\t\t<\/div>\n\t\t\t\t<\/div>\n\t\t\t\t\t<\/div>\n\t\t\t\t<\/div>\n\t\t<div class=\"elementor-element elementor-element-2617bd9 e-grid e-con-boxed e-con e-parent\" data-id=\"2617bd9\" data-element_type=\"container\" data-e-type=\"container\">\n\t\t\t\t\t<div class=\"e-con-inner\">\n\t\t<div class=\"elementor-element elementor-element-9288286 e-con-full e-flex e-con e-child\" data-id=\"9288286\" data-element_type=\"container\" data-e-type=\"container\">\n\t\t\t\t<div class=\"elementor-element elementor-element-c49debc elementor-widget elementor-widget-text-editor\" data-id=\"c49debc\" data-element_type=\"widget\" data-e-type=\"widget\" data-widget_type=\"text-editor.default\">\n\t\t\t\t<div class=\"elementor-widget-container\">\n\t\t\t\t\t\t\t\t\t<p>&#8222;\u00c9vekig \u00e9rlel\u0151d\u00f6tt bennem a gondolat, hogy le kell fogynom, de a\u00a0val\u00f3di \u00e1tt\u00f6r\u00e9st\u00a0a csoportos munka hozta el. B\u00e1r az elej\u00e9n a stressz \u00e9s a feladatok miatt nehezen indultam, a pszichol\u00f3gus \u00e1ltal vezetett csoport, a podcastok hallgat\u00e1sa \u00e9s a heti alkalmak\u00a0tartott\u00e1k bennem a f\u00f3kuszt \u00e9s a motiv\u00e1ci\u00f3t.<\/p><p>N\u00e1lam m\u00e1jusban indult el a k\u00e9zzelfoghat\u00f3 v\u00e1ltoz\u00e1s: eddig 15 kg-ot adtam le, \u00e9s b\u00e1r a c\u00e9l m\u00e9g messze van, t\u00fcrelmesebb is lettem, \u00e9s elfogadtam, hogy ez a folyamat egy maraton, nem sprint.<\/p><p>A csoport ereje azonban\u00a0nem csak a leadott kil\u00f3kban m\u00e9rhet\u0151: seg\u00edtett felismerni az \u00e9rzelmi mint\u00e1imat, \u00edgy az unalom- \u00e9s stresszev\u00e9s helyett ma m\u00e1r egyre ink\u00e1bb s\u00e9t\u00e1lok, \u00e9s \u00fajra elkezdtem j\u00f3g\u00e1zni is. A h\u00e9tf\u0151 esti fix id\u0151pontok\u00a0megtart\u00f3 er\u0151vel b\u00edrtak, a besz\u00e9lget\u00e9sek \u00e9s feladatok szembes\u00edtettek a probl\u00e9m\u00e1immal, \u00e9s\u00a0ezek a felismer\u00e9sek vittek el\u0151re.<\/p><p>Ez a k\u00f6z\u00f6s munka sz\u00e1momra olyan volt, mint egy l\u00e1mp\u00e1s az \u00faton: mutatja az ir\u00e1nyt, seg\u00edts\u00e9get ad, de az utat nekem kell v\u00e9gigj\u00e1rnom. H\u00e1l\u00e1s vagyok, hogy belev\u00e1gtam, \u00e9s v\u00e9gigcsin\u00e1ltam! K\u00f6sz\u00f6n\u00f6m sz\u00e9pen Zsuzsa seg\u00edts\u00e9g\u00e9t. Ha nem lett volna ez a program, biztosan nem tartan\u00e9k itt.&#8221;<\/p><p>Zsuzsi (Tests\u00falycs\u00f6kkent\u0151 csoport r\u00e9sztvev\u0151je)<\/p>\t\t\t\t\t\t\t\t<\/div>\n\t\t\t\t<\/div>\n\t\t\t\t<\/div>\n\t\t\t\t\t<\/div>\n\t\t\t\t<\/div>\n\t\t\t\t<section class=\"elementor-section elementor-top-section elementor-element elementor-element-e7c9177 elementor-section-boxed elementor-section-height-default elementor-section-height-default\" data-id=\"e7c9177\" data-element_type=\"section\" data-e-type=\"section\" data-settings=\"{&quot;background_background&quot;:&quot;classic&quot;}\">\n\t\t\t\t\t\t<div class=\"elementor-container elementor-column-gap-default\">\n\t\t\t\t\t<div class=\"elementor-column elementor-col-100 elementor-top-column elementor-element elementor-element-34499ea\" data-id=\"34499ea\" data-element_type=\"column\" data-e-type=\"column\">\n\t\t\t<div class=\"elementor-widget-wrap elementor-element-populated\">\n\t\t\t\t\t\t<div class=\"elementor-element elementor-element-6d0a50e elementor-widget-divider--view-line elementor-widget elementor-widget-divider\" data-id=\"6d0a50e\" data-element_type=\"widget\" data-e-type=\"widget\" data-widget_type=\"divider.default\">\n\t\t\t\t<div class=\"elementor-widget-container\">\n\t\t\t\t\t\t\t<div class=\"elementor-divider\">\n\t\t\t<span class=\"elementor-divider-separator\">\n\t\t\t\t\t\t<\/span>\n\t\t<\/div>\n\t\t\t\t\t\t<\/div>\n\t\t\t\t<\/div>\n\t\t\t\t<div class=\"elementor-element elementor-element-ec8a345 elementor-widget elementor-widget-heading\" data-id=\"ec8a345\" data-element_type=\"widget\" data-e-type=\"widget\" data-widget_type=\"heading.default\">\n\t\t\t\t<div class=\"elementor-widget-container\">\n\t\t\t\t\t<h3 class=\"elementor-heading-title elementor-size-default\"><a href=\"#kapcsolat\">Tov\u00e1bbi inform\u00e1ci\u00f3 \u00e9s jelentkez\u00e9s<\/a><\/h3>\t\t\t\t<\/div>\n\t\t\t\t<\/div>\n\t\t\t\t<div class=\"elementor-element elementor-element-edc6445 elementor-widget elementor-widget-text-editor\" data-id=\"edc6445\" data-element_type=\"widget\" data-e-type=\"widget\" data-widget_type=\"text-editor.default\">\n\t\t\t\t<div class=\"elementor-widget-container\">\n\t\t\t\t\t\t\t\t\t<p>\u00c9rdekl\u0151dhetsz \u00e9s jelentkezhetsz b\u00e1rmelyik itt tal\u00e1lhat\u00f3 el\u00e9rhet\u0151s\u00e9gen: telefonon, e-mail-ben, Messenger-en vagy Viber-en is.<\/p><p>Jelentkezhetsz a fenti t\u00e1bl\u00e1zat megfelel\u0151 csoporthoz tartoz\u00f3 <em>Jelentkezem<\/em> linkre kattintva is, ott egy r\u00f6vid \u0171rlap kit\u00f6lt\u00e9s\u00e9vel.<\/p>\t\t\t\t\t\t\t\t<\/div>\n\t\t\t\t<\/div>\n\t\t\t\t\t<\/div>\n\t\t<\/div>\n\t\t\t\t\t<\/div>\n\t\t<\/section>\n\t\t\t\t<section class=\"elementor-section elementor-top-section elementor-element elementor-element-ce14347 elementor-section-boxed elementor-section-height-default elementor-section-height-default\" data-id=\"ce14347\" data-element_type=\"section\" data-e-type=\"section\" data-settings=\"{&quot;background_background&quot;:&quot;classic&quot;}\">\n\t\t\t\t\t\t<div class=\"elementor-container elementor-column-gap-default\">\n\t\t\t\t\t<div class=\"elementor-column elementor-col-25 elementor-top-column elementor-element elementor-element-9a26224\" data-id=\"9a26224\" data-element_type=\"column\" data-e-type=\"column\">\n\t\t\t<div class=\"elementor-widget-wrap elementor-element-populated\">\n\t\t\t\t\t\t<div class=\"elementor-element elementor-element-d656376 elementor-view-default elementor-position-block-start elementor-mobile-position-block-start elementor-widget elementor-widget-icon-box\" data-id=\"d656376\" data-element_type=\"widget\" data-e-type=\"widget\" data-widget_type=\"icon-box.default\">\n\t\t\t\t<div class=\"elementor-widget-container\">\n\t\t\t\t\t\t\t<div class=\"elementor-icon-box-wrapper\">\n\n\t\t\t\t\t\t<div class=\"elementor-icon-box-icon\">\n\t\t\t\t<span  class=\"elementor-icon\">\n\t\t\t\t<svg aria-hidden=\"true\" class=\"e-font-icon-svg e-fas-mobile-alt\" viewBox=\"0 0 320 512\" xmlns=\"http:\/\/www.w3.org\/2000\/svg\"><path d=\"M272 0H48C21.5 0 0 21.5 0 48v416c0 26.5 21.5 48 48 48h224c26.5 0 48-21.5 48-48V48c0-26.5-21.5-48-48-48zM160 480c-17.7 0-32-14.3-32-32s14.3-32 32-32 32 14.3 32 32-14.3 32-32 32zm112-108c0 6.6-5.4 12-12 12H60c-6.6 0-12-5.4-12-12V60c0-6.6 5.4-12 12-12h200c6.6 0 12 5.4 12 12v312z\"><\/path><\/svg>\t\t\t\t<\/span>\n\t\t\t<\/div>\n\t\t\t\n\t\t\t\t\t\t<div class=\"elementor-icon-box-content\">\n\n\t\t\t\t\n\t\t\t\t\t\t\t\t\t<p class=\"elementor-icon-box-description\">\n\t\t\t\t\t\t+36-30-313-4846\t\t\t\t\t<\/p>\n\t\t\t\t\n\t\t\t<\/div>\n\t\t\t\n\t\t<\/div>\n\t\t\t\t\t\t<\/div>\n\t\t\t\t<\/div>\n\t\t\t\t\t<\/div>\n\t\t<\/div>\n\t\t\t\t<div class=\"elementor-column elementor-col-25 elementor-top-column elementor-element elementor-element-d9566c7\" data-id=\"d9566c7\" data-element_type=\"column\" data-e-type=\"column\">\n\t\t\t<div class=\"elementor-widget-wrap elementor-element-populated\">\n\t\t\t\t\t\t<div class=\"elementor-element elementor-element-3b71e36 elementor-widget-mobile__width-initial elementor-view-default elementor-position-block-start elementor-mobile-position-block-start elementor-widget elementor-widget-icon-box\" data-id=\"3b71e36\" data-element_type=\"widget\" data-e-type=\"widget\" data-widget_type=\"icon-box.default\">\n\t\t\t\t<div class=\"elementor-widget-container\">\n\t\t\t\t\t\t\t<div class=\"elementor-icon-box-wrapper\">\n\n\t\t\t\t\t\t<div class=\"elementor-icon-box-icon\">\n\t\t\t\t<span  class=\"elementor-icon\">\n\t\t\t\t<svg aria-hidden=\"true\" class=\"e-font-icon-svg e-fas-envelope\" viewBox=\"0 0 512 512\" xmlns=\"http:\/\/www.w3.org\/2000\/svg\"><path d=\"M502.3 190.8c3.9-3.1 9.7-.2 9.7 4.7V400c0 26.5-21.5 48-48 48H48c-26.5 0-48-21.5-48-48V195.6c0-5 5.7-7.8 9.7-4.7 22.4 17.4 52.1 39.5 154.1 113.6 21.1 15.4 56.7 47.8 92.2 47.6 35.7.3 72-32.8 92.3-47.6 102-74.1 131.6-96.3 154-113.7zM256 320c23.2.4 56.6-29.2 73.4-41.4 132.7-96.3 142.8-104.7 173.4-128.7 5.8-4.5 9.2-11.5 9.2-18.9v-19c0-26.5-21.5-48-48-48H48C21.5 64 0 85.5 0 112v19c0 7.4 3.4 14.3 9.2 18.9 30.6 23.9 40.7 32.4 173.4 128.7 16.8 12.2 50.2 41.8 73.4 41.4z\"><\/path><\/svg>\t\t\t\t<\/span>\n\t\t\t<\/div>\n\t\t\t\n\t\t\t\t\t\t<div class=\"elementor-icon-box-content\">\n\n\t\t\t\t\n\t\t\t\t\t\t\t\t\t<p class=\"elementor-icon-box-description\">\n\t\t\t\t\t\tzs.koposdi@gmail.com\t\t\t\t\t<\/p>\n\t\t\t\t\n\t\t\t<\/div>\n\t\t\t\n\t\t<\/div>\n\t\t\t\t\t\t<\/div>\n\t\t\t\t<\/div>\n\t\t\t\t\t<\/div>\n\t\t<\/div>\n\t\t\t\t<div class=\"elementor-column elementor-col-25 elementor-top-column elementor-element elementor-element-9ecd877\" data-id=\"9ecd877\" data-element_type=\"column\" data-e-type=\"column\">\n\t\t\t<div class=\"elementor-widget-wrap elementor-element-populated\">\n\t\t\t\t\t\t<div class=\"elementor-element elementor-element-b51b695 elementor-view-default elementor-position-block-start elementor-mobile-position-block-start elementor-widget elementor-widget-icon-box\" data-id=\"b51b695\" data-element_type=\"widget\" data-e-type=\"widget\" data-widget_type=\"icon-box.default\">\n\t\t\t\t<div class=\"elementor-widget-container\">\n\t\t\t\t\t\t\t<div class=\"elementor-icon-box-wrapper\">\n\n\t\t\t\t\t\t<div class=\"elementor-icon-box-icon\">\n\t\t\t\t<a href=\"https:\/\/www.facebook.com\/testsulycsokkento.csoport\" class=\"elementor-icon\" tabindex=\"-1\">\n\t\t\t\t<svg aria-hidden=\"true\" class=\"e-font-icon-svg e-fab-facebook\" viewBox=\"0 0 512 512\" xmlns=\"http:\/\/www.w3.org\/2000\/svg\"><path d=\"M504 256C504 119 393 8 256 8S8 119 8 256c0 123.78 90.69 226.38 209.25 245V327.69h-63V256h63v-54.64c0-62.15 37-96.48 93.67-96.48 27.14 0 55.52 4.84 55.52 4.84v61h-31.28c-30.8 0-40.41 19.12-40.41 38.73V256h68.78l-11 71.69h-57.78V501C413.31 482.38 504 379.78 504 256z\"><\/path><\/svg>\t\t\t\t<\/a>\n\t\t\t<\/div>\n\t\t\t\n\t\t\t\t\t\t<div class=\"elementor-icon-box-content\">\n\n\t\t\t\t\n\t\t\t\t\t\t\t\t\t<p class=\"elementor-icon-box-description\">\n\t\t\t\t\t\tTests\u00falycs\u00f6kkent\u0151 csoport\t\t\t\t\t<\/p>\n\t\t\t\t\n\t\t\t<\/div>\n\t\t\t\n\t\t<\/div>\n\t\t\t\t\t\t<\/div>\n\t\t\t\t<\/div>\n\t\t\t\t\t<\/div>\n\t\t<\/div>\n\t\t\t\t<div class=\"elementor-column elementor-col-25 elementor-top-column elementor-element elementor-element-43979eb\" data-id=\"43979eb\" data-element_type=\"column\" data-e-type=\"column\">\n\t\t\t<div class=\"elementor-widget-wrap elementor-element-populated\">\n\t\t\t\t\t\t<div class=\"elementor-element elementor-element-67bd189 elementor-view-default elementor-position-block-start elementor-mobile-position-block-start elementor-widget elementor-widget-icon-box\" data-id=\"67bd189\" data-element_type=\"widget\" data-e-type=\"widget\" data-widget_type=\"icon-box.default\">\n\t\t\t\t<div class=\"elementor-widget-container\">\n\t\t\t\t\t\t\t<div class=\"elementor-icon-box-wrapper\">\n\n\t\t\t\t\t\t<div class=\"elementor-icon-box-icon\">\n\t\t\t\t<span  class=\"elementor-icon\">\n\t\t\t\t<svg aria-hidden=\"true\" class=\"e-font-icon-svg e-fab-viber\" viewBox=\"0 0 512 512\" xmlns=\"http:\/\/www.w3.org\/2000\/svg\"><path d=\"M444 49.9C431.3 38.2 379.9.9 265.3.4c0 0-135.1-8.1-200.9 52.3C27.8 89.3 14.9 143 13.5 209.5c-1.4 66.5-3.1 191.1 117 224.9h.1l-.1 51.6s-.8 20.9 13 25.1c16.6 5.2 26.4-10.7 42.3-27.8 8.7-9.4 20.7-23.2 29.8-33.7 82.2 6.9 145.3-8.9 152.5-11.2 16.6-5.4 110.5-17.4 125.7-142 15.8-128.6-7.6-209.8-49.8-246.5zM457.9 287c-12.9 104-89 110.6-103 115.1-6 1.9-61.5 15.7-131.2 11.2 0 0-52 62.7-68.2 79-5.3 5.3-11.1 4.8-11-5.7 0-6.9.4-85.7.4-85.7-.1 0-.1 0 0 0-101.8-28.2-95.8-134.3-94.7-189.8 1.1-55.5 11.6-101 42.6-131.6 55.7-50.5 170.4-43 170.4-43 96.9.4 143.3 29.6 154.1 39.4 35.7 30.6 53.9 103.8 40.6 211.1zm-139-80.8c.4 8.6-12.5 9.2-12.9.6-1.1-22-11.4-32.7-32.6-33.9-8.6-.5-7.8-13.4.7-12.9 27.9 1.5 43.4 17.5 44.8 46.2zm20.3 11.3c1-42.4-25.5-75.6-75.8-79.3-8.5-.6-7.6-13.5.9-12.9 58 4.2 88.9 44.1 87.8 92.5-.1 8.6-13.1 8.2-12.9-.3zm47 13.4c.1 8.6-12.9 8.7-12.9.1-.6-81.5-54.9-125.9-120.8-126.4-8.5-.1-8.5-12.9 0-12.9 73.7.5 133 51.4 133.7 139.2zM374.9 329v.2c-10.8 19-31 40-51.8 33.3l-.2-.3c-21.1-5.9-70.8-31.5-102.2-56.5-16.2-12.8-31-27.9-42.4-42.4-10.3-12.9-20.7-28.2-30.8-46.6-21.3-38.5-26-55.7-26-55.7-6.7-20.8 14.2-41 33.3-51.8h.2c9.2-4.8 18-3.2 23.9 3.9 0 0 12.4 14.8 17.7 22.1 5 6.8 11.7 17.7 15.2 23.8 6.1 10.9 2.3 22-3.7 26.6l-12 9.6c-6.1 4.9-5.3 14-5.3 14s17.8 67.3 84.3 84.3c0 0 9.1.8 14-5.3l9.6-12c4.6-6 15.7-9.8 26.6-3.7 14.7 8.3 33.4 21.2 45.8 32.9 7 5.7 8.6 14.4 3.8 23.6z\"><\/path><\/svg>\t\t\t\t<\/span>\n\t\t\t<\/div>\n\t\t\t\n\t\t\t\t\t\t<div class=\"elementor-icon-box-content\">\n\n\t\t\t\t\n\t\t\t\t\t\t\t\t\t<p class=\"elementor-icon-box-description\">\n\t\t\t\t\t\t+36-30-313-4846\t\t\t\t\t<\/p>\n\t\t\t\t\n\t\t\t<\/div>\n\t\t\t\n\t\t<\/div>\n\t\t\t\t\t\t<\/div>\n\t\t\t\t<\/div>\n\t\t\t\t\t<\/div>\n\t\t<\/div>\n\t\t\t\t\t<\/div>\n\t\t<\/section>\n\t\t<div class=\"elementor-element elementor-element-22e1e90 e-flex e-con-boxed e-con e-parent\" data-id=\"22e1e90\" data-element_type=\"container\" data-e-type=\"container\">\n\t\t\t\t\t<div class=\"e-con-inner\">\n\t\t\t\t<div class=\"elementor-element elementor-element-a472eeb elementor-widget-divider--view-line elementor-widget elementor-widget-divider\" data-id=\"a472eeb\" data-element_type=\"widget\" data-e-type=\"widget\" data-widget_type=\"divider.default\">\n\t\t\t\t<div class=\"elementor-widget-container\">\n\t\t\t\t\t\t\t<div class=\"elementor-divider\">\n\t\t\t<span class=\"elementor-divider-separator\">\n\t\t\t\t\t\t<\/span>\n\t\t<\/div>\n\t\t\t\t\t\t<\/div>\n\t\t\t\t<\/div>\n\t\t\t\t\t<\/div>\n\t\t\t\t<\/div>\n\t\t<div class=\"elementor-element elementor-element-28c0181 e-grid e-con-boxed e-con e-parent\" data-id=\"28c0181\" data-element_type=\"container\" data-e-type=\"container\">\n\t\t\t\t\t<div class=\"e-con-inner\">\n\t\t<div class=\"elementor-element elementor-element-6383eb7 e-con-full e-flex e-con e-child\" data-id=\"6383eb7\" data-element_type=\"container\" data-e-type=\"container\">\n\t\t\t\t<div class=\"elementor-element elementor-element-b0dad3f elementor-widget elementor-widget-text-editor\" data-id=\"b0dad3f\" data-element_type=\"widget\" data-e-type=\"widget\" data-widget_type=\"text-editor.default\">\n\t\t\t\t<div class=\"elementor-widget-container\">\n\t\t\t\t\t\t\t\t\t<p><a href=\"https:\/\/testsulycsokkentocsoport.hu\/?page_id=798\" target=\"_blank\" rel=\"noopener\">\u00c1ltal\u00e1nos Szerz\u0151d\u00e9si Felt\u00e9telek<\/a><\/p>\t\t\t\t\t\t\t\t<\/div>\n\t\t\t\t<\/div>\n\t\t\t\t<\/div>\n\t\t<div class=\"elementor-element elementor-element-ac7064f e-con-full e-flex e-con e-child\" data-id=\"ac7064f\" data-element_type=\"container\" data-e-type=\"container\">\n\t\t\t\t<div class=\"elementor-element elementor-element-6706d8f elementor-widget elementor-widget-text-editor\" data-id=\"6706d8f\" data-element_type=\"widget\" data-e-type=\"widget\" data-widget_type=\"text-editor.default\">\n\t\t\t\t<div class=\"elementor-widget-container\">\n\t\t\t\t\t\t\t\t\t<p><a href=\"https:\/\/koposdizsuzsa.hu\/adatkezelesi-tajekoztato\/\" target=\"_blank\" rel=\"noopener\">Adatv\u00e9delmi szab\u00e1lyzat<\/a><\/p>\t\t\t\t\t\t\t\t<\/div>\n\t\t\t\t<\/div>\n\t\t\t\t<\/div>\n\t\t\t\t\t<\/div>\n\t\t\t\t<\/div>\n\t\t<div class=\"elementor-element elementor-element-7cbac12 e-flex e-con-boxed e-con e-parent\" data-id=\"7cbac12\" data-element_type=\"container\" data-e-type=\"container\">\n\t\t\t\t\t<div class=\"e-con-inner\">\n\t\t\t\t<div class=\"elementor-element elementor-element-683e2bf elementor-widget elementor-widget-text-editor\" data-id=\"683e2bf\" data-element_type=\"widget\" data-e-type=\"widget\" data-widget_type=\"text-editor.default\">\n\t\t\t\t<div class=\"elementor-widget-container\">\n\t\t\t\t\t\t\t\t\t<p>\u00a92025 &#8211; K\u00f6p\u00f6sdi Zsuzsa &#8211; Minden jog fenntartva.<\/p>\t\t\t\t\t\t\t\t<\/div>\n\t\t\t\t<\/div>\n\t\t\t\t\t<\/div>\n\t\t\t\t<\/div>\n\t\t\t\t<\/div>\n\t\t","protected":false},"excerpt":{"rendered":"<p>Tests\u00falycs\u00f6kkent\u0151 csoport pszichol\u00f3gus vezet\u00e9s\u00e9vel Pszichol\u00f3gus seg\u00edts\u00e9g\u00e9vel m\u00e9lyebben meg\u00e9rtheted az \u00e9tkez\u00e9si szok\u00e1said m\u00f6g\u00f6tt rejl\u0151 \u00e9rzelmi \u00e9s ment\u00e1lis t\u00e9nyez\u0151ket. Az \u00f6nismeret fejleszt\u00e9se seg\u00edt azonos\u00edtani \u00e9s kezelni a stresszt, az \u00f6nbizalomhi\u00e1nyt \u00e9s azokat az egy\u00e9b t\u00e9nyez\u0151ket, amelyek gyakran akad\u00e1lyozz\u00e1k a sikeres fogy\u00e1st. Alak\u00edts ki seg\u00edts\u00e9g\u00fcnkkel eg\u00e9szs\u00e9gesebb \u00e9letm\u00f3dot, amely hossz\u00fa t\u00e1von is fenntarthat\u00f3. Csatlakozz szem\u00e9lyes vagy online csoportunkhoz! A [&hellip;]<\/p>\n","protected":false},"author":1,"featured_media":0,"parent":0,"menu_order":0,"comment_status":"closed","ping_status":"closed","template":"","meta":{"footnotes":""},"class_list":["post-12","page","type-page","status-publish","hentry"],"_links":{"self":[{"href":"https:\/\/testsulycsokkentocsoport.hu\/index.php?rest_route=\/wp\/v2\/pages\/12","targetHints":{"allow":["GET"]}}],"collection":[{"href":"https:\/\/testsulycsokkentocsoport.hu\/index.php?rest_route=\/wp\/v2\/pages"}],"about":[{"href":"https:\/\/testsulycsokkentocsoport.hu\/index.php?rest_route=\/wp\/v2\/types\/page"}],"author":[{"embeddable":true,"href":"https:\/\/testsulycsokkentocsoport.hu\/index.php?rest_route=\/wp\/v2\/users\/1"}],"replies":[{"embeddable":true,"href":"https:\/\/testsulycsokkentocsoport.hu\/index.php?rest_route=%2Fwp%2Fv2%2Fcomments&post=12"}],"version-history":[{"count":923,"href":"https:\/\/testsulycsokkentocsoport.hu\/index.php?rest_route=\/wp\/v2\/pages\/12\/revisions"}],"predecessor-version":[{"id":1145,"href":"https:\/\/testsulycsokkentocsoport.hu\/index.php?rest_route=\/wp\/v2\/pages\/12\/revisions\/1145"}],"wp:attachment":[{"href":"https:\/\/testsulycsokkentocsoport.hu\/index.php?rest_route=%2Fwp%2Fv2%2Fmedia&parent=12"}],"curies":[{"name":"wp","href":"https:\/\/api.w.org\/{rel}","templated":true}]}}